{"id":223,"date":"2023-10-12T10:40:33","date_gmt":"2023-10-12T08:40:33","guid":{"rendered":"https:\/\/pentaautoberles.hu\/?page_id=223"},"modified":"2024-01-08T21:06:28","modified_gmt":"2024-01-08T20:06:28","slug":"fooldal","status":"publish","type":"page","link":"https:\/\/pentaautoberles.hu\/","title":{"rendered":"F\u0151oldal"},"content":{"rendered":"<p>[et_pb_section fb_built=&#8221;1&#8243; _builder_version=&#8221;4.20.4&#8243; _module_preset=&#8221;default&#8221; background_color=&#8221;#000000&#8243; background_video_mp4=&#8221;https:\/\/vacsiautoberles.hu\/wp-content\/uploads\/2023\/10\/vacsiauto.mp4&#8243; height=&#8221;80vh&#8221; custom_padding=&#8221;14px|||||&#8221; global_colors_info=&#8221;{}&#8221;][et_pb_row _builder_version=&#8221;4.20.4&#8243; _module_preset=&#8221;default&#8221; custom_margin=&#8221;16vh|auto||auto|false|false&#8221; global_colors_info=&#8221;{}&#8221;][et_pb_column type=&#8221;4_4&#8243; _builder_version=&#8221;4.20.4&#8243; _module_preset=&#8221;default&#8221; global_colors_info=&#8221;{}&#8221;][et_pb_text _builder_version=&#8221;4.20.4&#8243; _module_preset=&#8221;default&#8221; text_font=&#8221;Anek Latin||||||||&#8221; text_text_color=&#8221;#FFFFFF&#8221; text_font_size=&#8221;21px&#8221; text_line_height=&#8221;1.1em&#8221; global_colors_info=&#8221;{}&#8221;]<\/p>\n<p style=\"text-align: center;\">Szem\u00e9lyg\u00e9pj\u00e1rm\u0171 vagy teheraut\u00f3, h\u0171t\u0151kocsib\u00e9rl\u00e9sen gondolkozik?\u00a0Akkor v\u00e1lassza a<\/p>\n<p>[\/et_pb_text][dipl_text_animator animated_text=&#8221;megb\u00edzhat\u00f3 | rugalmas | sokr\u00e9t\u0171&#8221; animation_layout=&#8221;slide&#8221; _builder_version=&#8221;4.20.4&#8243; _module_preset=&#8221;default&#8221; global_text_settings_font=&#8221;Anek Latin|800|||||||&#8221; global_text_settings_text_align=&#8221;center&#8221; global_text_settings_text_color=&#8221;#FFFFFF&#8221; global_text_settings_font_size=&#8221;13vh&#8221; global_text_settings_letter_spacing=&#8221;-3px&#8221; global_text_settings_line_height=&#8221;1.8em&#8221; custom_margin=&#8221;-104px||16px||false|false&#8221; custom_margin_tablet=&#8221;-104px||16px||false|false&#8221; custom_margin_phone=&#8221;-66px||5px||false|false&#8221; custom_margin_last_edited=&#8221;on|phone&#8221; global_text_settings_font_size_tablet=&#8221;13vh&#8221; global_text_settings_font_size_phone=&#8221;51px&#8221; global_text_settings_font_size_last_edited=&#8221;on|phone&#8221; global_text_settings_letter_spacing_tablet=&#8221;-3px&#8221; global_text_settings_letter_spacing_phone=&#8221;-1px&#8221; global_text_settings_letter_spacing_last_edited=&#8221;on|phone&#8221; global_colors_info=&#8221;{}&#8221;][\/dipl_text_animator][et_pb_text _builder_version=&#8221;4.20.4&#8243; _module_preset=&#8221;default&#8221; text_font=&#8221;Anek Latin||||||||&#8221; text_text_color=&#8221;#FFFFFF&#8221; text_font_size=&#8221;21px&#8221; text_line_height=&#8221;1.1em&#8221; global_colors_info=&#8221;{}&#8221;]<\/p>\n<p style=\"text-align: center;\">aut\u00f3b\u00e9rl\u0151 szolg\u00e1ltat\u00e1st, <strong><span style=\"color: #ff6600;\">a Vacsi Kft-t\u0151l!<\/span><\/strong><\/p>\n<p>[\/et_pb_text][et_pb_button button_url=&#8221;#autoink&#8221; button_text=&#8221;aut\u00f3ink&#8221; button_alignment=&#8221;center&#8221; _builder_version=&#8221;4.20.4&#8243; _module_preset=&#8221;default&#8221; custom_button=&#8221;on&#8221; button_font=&#8221;Anek Latin||||||||&#8221; button_icon=&#8221;&#xf1b9;||fa||900&#8243; button_on_hover=&#8221;off&#8221; custom_margin=&#8221;54px||10vh||false|false&#8221; global_colors_info=&#8221;{}&#8221;][\/et_pb_button][\/et_pb_column][\/et_pb_row][\/et_pb_section][et_pb_section fb_built=&#8221;1&#8243; module_id=&#8221;autoink&#8221; _builder_version=&#8221;4.20.4&#8243; _module_preset=&#8221;default&#8221; background_color=&#8221;#FFFFFF&#8221; background_enable_mask_style=&#8221;on&#8221; background_mask_style=&#8221;caret&#8221; background_mask_color=&#8221;#eeeeee&#8221; background_mask_transform=&#8221;invert&#8221; custom_padding=&#8221;17px||16px|||&#8221; global_colors_info=&#8221;{}&#8221;][et_pb_row use_custom_gutter=&#8221;on&#8221; gutter_width=&#8221;2&#8243; _builder_version=&#8221;4.20.4&#8243; _module_preset=&#8221;default&#8221; width=&#8221;90%&#8221; max_width=&#8221;1200px&#8221; custom_padding=&#8221;19px|||||&#8221; global_colors_info=&#8221;{}&#8221;][et_pb_column type=&#8221;4_4&#8243; _builder_version=&#8221;4.20.4&#8243; _module_preset=&#8221;default&#8221; global_colors_info=&#8221;{}&#8221;][et_pb_text _builder_version=&#8221;4.20.4&#8243; _module_preset=&#8221;default&#8221; text_text_color=&#8221;#FFFFFF&#8221; text_font_size=&#8221;18px&#8221; header_font=&#8221;Anek Latin|800|||||||&#8221; header_text_color=&#8221;#FF6400&#8243; header_font_size=&#8221;4vw&#8221; header_line_height=&#8221;0.9em&#8221; custom_margin=&#8221;10px||10px||true|true&#8221; custom_padding=&#8221;||38px|||&#8221; animation_style=&#8221;fade&#8221; header_font_size_tablet=&#8221;4vw&#8221; header_font_size_phone=&#8221;50px&#8221; header_font_size_last_edited=&#8221;on|phone&#8221; global_colors_info=&#8221;{}&#8221;]<\/p>\n<h1 style=\"text-align: center;\">B\u00e9relhet\u0151 aut\u00f3ink<\/h1>\n<p>[\/et_pb_text][et_pb_de_mach_archive_loop post_type_choose=&#8221;post&#8221; loop_layout=&#8221;374&#8243; filter_update_animation=&#8221;load-1&#8243; animation_color=&#8221;#FFFFFF&#8221; loading_bg_color=&#8221;#FFFFFF&#8221; no_posts_layout=&#8221;374&#8243; is_main_loop=&#8221;off&#8221; include_current_terms=&#8221;on&#8221; posts_number=&#8221;20&#8243; enable_loadmore=&#8221;pagination&#8221; link_whole_gird=&#8221;on&#8221; link_whole_gird_new_tab=&#8221;on&#8221; equal_height=&#8221;on&#8221; columns=&#8221;3&#8243; custom_gutter_width=&#8221;on&#8221; gutter_row_gap=&#8221;5px&#8221; gutter_row_column=&#8221;8px&#8221; button_alignment=&#8221;center&#8221; show_content=&#8221;none&#8221; loop_grid_bg_color=&#8221;#FFFFFF&#8221; item_separator_color=&#8221;#FFFFFF&#8221; _builder_version=&#8221;4.23.4&#8243; _module_preset=&#8221;default&#8221; title_text_color=&#8221;#000000&#8243; title_font_size=&#8221;17px&#8221; background_color=&#8221;RGBA(255,255,255,0)&#8221; custom_button=&#8221;on&#8221; button_text_size=&#8221;15px&#8221; text_orientation=&#8221;left&#8221; box_shadow_style_grid_list_view_button=&#8221;preset3&#8243; global_colors_info=&#8221;{}&#8221;][\/et_pb_de_mach_archive_loop][\/et_pb_column][\/et_pb_row][\/et_pb_section][et_pb_section fb_built=&#8221;1&#8243; admin_label=&#8221;section&#8221; module_id=&#8221;rolunk&#8221; _builder_version=&#8221;4.20.4&#8243; background_color=&#8221;#FFFFFF&#8221; background_enable_mask_style=&#8221;on&#8221; background_mask_style=&#8221;caret&#8221; background_mask_color=&#8221;#FF6400&#8243; background_mask_transform=&#8221;flip_horizontal|invert&#8221; custom_margin=&#8221;0px||0px||false|false&#8221; custom_padding=&#8221;0px||0px||false|false&#8221; background_last_edited=&#8221;on|phone&#8221; background_mask_transform_phone=&#8221;flip_horizontal|invert|rotate_90_degree&#8221; background_mask_size_phone=&#8221;contain&#8221; background_mask_position_phone=&#8221;top_left&#8221; global_colors_info=&#8221;{}&#8221;][et_pb_row column_structure=&#8221;1_2,1_2&#8243; use_custom_gutter=&#8221;on&#8221; gutter_width=&#8221;1&#8243; make_equal=&#8221;on&#8221; custom_padding_last_edited=&#8221;on|phone&#8221; _builder_version=&#8221;4.20.4&#8243; _module_preset=&#8221;default&#8221; width=&#8221;100%&#8221; max_width=&#8221;2560px&#8221; custom_margin=&#8221;0px||0px||false|false&#8221; custom_margin_tablet=&#8221;0px||0px||false|false&#8221; custom_margin_phone=&#8221;||0px||false|false&#8221; custom_margin_last_edited=&#8221;on|phone&#8221; custom_padding=&#8221;0px||0px||false|false&#8221; custom_padding_tablet=&#8221;0px||0px||false|false&#8221; custom_padding_phone=&#8221;||0px||false|false&#8221; global_colors_info=&#8221;{}&#8221;][et_pb_column type=&#8221;1_2&#8243; _builder_version=&#8221;4.20.4&#8243; _module_preset=&#8221;default&#8221; background_image=&#8221;https:\/\/pentaautoberles.hu\/wp-content\/uploads\/2023\/10\/truck-min.png&#8221; background_size=&#8221;custom&#8221; background_image_width=&#8221;132%&#8221; background_position=&#8221;center_right&#8221; custom_padding=&#8221;||||false|false&#8221; custom_padding_tablet=&#8221;||||false|false&#8221; custom_padding_phone=&#8221;212px||||false|false&#8221; custom_padding_last_edited=&#8221;on|phone&#8221; scroll_vertical_motion_enable=&#8221;off&#8221; scroll_horizontal_motion_enable=&#8221;on&#8221; scroll_horizontal_motion=&#8221;0|50|50|100|-1|0|0&#8243; scroll_scaling_enable=&#8221;on&#8221; scroll_scaling=&#8221;0|50|50|100|100%|105%|110%&#8221; sticky_position_tablet=&#8221;&#8221; sticky_position_phone=&#8221;&#8221; sticky_position_last_edited=&#8221;on|phone&#8221; global_colors_info=&#8221;{}&#8221;][et_pb_text disabled_on=&#8221;off|on|on&#8221; _builder_version=&#8221;4.20.4&#8243; _module_preset=&#8221;default&#8221; min_height=&#8221;220px&#8221; global_colors_info=&#8221;{}&#8221;][\/et_pb_text][\/et_pb_column][et_pb_column type=&#8221;1_2&#8243; _builder_version=&#8221;4.20.4&#8243; _module_preset=&#8221;default&#8221; global_colors_info=&#8221;{}&#8221;][et_pb_text _builder_version=&#8221;4.20.4&#8243; _module_preset=&#8221;default&#8221; text_font_size=&#8221;18px&#8221; header_font=&#8221;Anek Latin|800|||||||&#8221; header_font_size=&#8221;4vw&#8221; header_line_height=&#8221;0.9em&#8221; custom_margin=&#8221;16vh|148px|0px|148px|false|true&#8221; custom_margin_tablet=&#8221;16vh|148px|0px|148px|false|true&#8221; custom_margin_phone=&#8221;0vh|10px|0px|10px|false|true&#8221; custom_margin_last_edited=&#8221;on|phone&#8221; animation_style=&#8221;fade&#8221; header_font_size_tablet=&#8221;4vw&#8221; header_font_size_phone=&#8221;50px&#8221; header_font_size_last_edited=&#8221;on|phone&#8221; global_colors_info=&#8221;{}&#8221;]<\/p>\n<h1>Aut\u00f3b\u00e9rl\u00e9s egyszer\u0171en!<\/h1>\n<p>&nbsp;<\/p>\n<p>Ak\u00e1r r\u00f6vid-, ak\u00e1r hossz\u00fat\u00e1vra lenne sz\u00fcks\u00e9ged teher- vagy szem\u00e9lyg\u00e9pj\u00e1rm\u0171re, k\u00f6zelre vagy t\u00e1volra, seg\u00edt\u00fcnk neked! N\u00e1lunk kedvez\u0151 \u00e1ron tudsz megb\u00edzhat\u00f3, j\u00f3l felszerelt \u00e9s karbantartott aut\u00f3kat k\u00f6lcs\u00f6n\u00f6zni.<\/p>\n<p>Nek\u00fcnk \u00e9pp oly fontos, hogy megb\u00edzhat\u00f3 g\u00e9pj\u00e1rm\u0171 \u00e1lljon a rendelkez\u00e9sedre, mint Neked. Gyors \u00e9s rugalmas, \u00fcgyf\u00e9lk\u00f6zpont\u00fa \u00fcgyint\u00e9z\u00e9sre \u00e9s kiszolg\u00e1l\u00e1sra sz\u00e1m\u00edthatsz, ha n\u00e1lunk b\u00e9relsz.<\/p>\n<p>[\/et_pb_text][et_pb_button button_url=&#8221;#kapcsolat&#8221; button_text=&#8221;kapcsolat&#8221; button_alignment=&#8221;center&#8221; _builder_version=&#8221;4.20.4&#8243; _module_preset=&#8221;default&#8221; custom_button=&#8221;on&#8221; button_font=&#8221;Anek Latin||||||||&#8221; button_icon=&#8221;&#xf879;||fa||900&#8243; button_on_hover=&#8221;off&#8221; custom_margin=&#8221;54px||10vh||false|false&#8221; animation_style=&#8221;fold&#8221; global_colors_info=&#8221;{}&#8221;][\/et_pb_button][\/et_pb_column][\/et_pb_row][\/et_pb_section][et_pb_section fb_built=&#8221;1&#8243; admin_label=&#8221;section&#8221; _builder_version=&#8221;4.20.4&#8243; background_color=&#8221;#000000&#8243; background_enable_mask_style=&#8221;on&#8221; background_mask_style=&#8221;caret&#8221; background_mask_transform=&#8221;flip_vertical|invert&#8221; custom_margin=&#8221;-1px||0px||false|false&#8221; custom_padding=&#8221;0px||0px||false|false&#8221; bottom_divider_color=&#8221;#FFFFFF&#8221; bottom_divider_flip=&#8221;horizontal&#8221; background_last_edited=&#8221;on|phone&#8221; background_enable_mask_style_phone=&#8221;off&#8221; background_mask_transform_phone=&#8221;flip_vertical|rotate_90_degree|invert&#8221; global_colors_info=&#8221;{}&#8221;][et_pb_row column_structure=&#8221;1_2,1_2&#8243; use_custom_gutter=&#8221;on&#8221; gutter_width=&#8221;1&#8243; make_equal=&#8221;on&#8221; custom_padding_last_edited=&#8221;on|phone&#8221; _builder_version=&#8221;4.20.4&#8243; _module_preset=&#8221;default&#8221; width=&#8221;100%&#8221; max_width=&#8221;2560px&#8221; custom_margin_tablet=&#8221;&#8221; custom_margin_phone=&#8221;||||false|false&#8221; custom_margin_last_edited=&#8221;on|phone&#8221; custom_padding_tablet=&#8221;&#8221; custom_padding_phone=&#8221;82px||||false|false&#8221; global_colors_info=&#8221;{}&#8221;][et_pb_column type=&#8221;1_2&#8243; _builder_version=&#8221;4.20.4&#8243; _module_preset=&#8221;default&#8221; global_colors_info=&#8221;{}&#8221;][et_pb_text _builder_version=&#8221;4.20.4&#8243; _module_preset=&#8221;default&#8221; text_text_color=&#8221;#FFFFFF&#8221; text_font_size=&#8221;18px&#8221; header_font=&#8221;Anek Latin|800|||||||&#8221; header_text_color=&#8221;#FF6400&#8243; header_font_size=&#8221;4vw&#8221; header_line_height=&#8221;0.9em&#8221; custom_margin=&#8221;9vh|148px|9vh|148px|true|true&#8221; custom_margin_tablet=&#8221;9vh|148px|9vh|148px|true|true&#8221; custom_margin_phone=&#8221;0vh|10px|0vh|10px|true|true&#8221; custom_margin_last_edited=&#8221;on|phone&#8221; animation_style=&#8221;fade&#8221; header_font_size_tablet=&#8221;4vw&#8221; header_font_size_phone=&#8221;50px&#8221; header_font_size_last_edited=&#8221;on|phone&#8221; global_colors_info=&#8221;{}&#8221;]<\/p>\n<h1>V\u00e1lassz minket.<\/h1>\n<p>&nbsp;<\/p>\n<p>Aut\u00f3inkat mindig tiszta, kitakar\u00edtott \u00e1llapotban, \u00e9rv\u00e9nyes forgalmi enged\u00e9llyel, m\u0171szakilag megb\u00edzhat\u00f3, az \u00e9vszaknak megfel\u0151 gumikkal adjuk b\u00e9rbe, melyek\u00a0GPS nyomk\u00f6vet\u0151vel vannak felszerelve.<\/p>\n<p><strong>A b\u00e9rleti d\u00edj tartalmazza:<\/strong><\/p>\n<p>&#8211; k\u00f6telez\u0151 biztos\u00edt\u00e1s d\u00edj\u00e1t<br \/>&#8211; korl\u00e1tlan kilom\u00e9ter haszn\u00e1latot<br \/>&#8211; egyeztet\u00e9s ut\u00e1n, k\u00fclf\u00f6ldi haszn\u00e1lat az EU ter\u00fclet\u00e9n is<br \/>&#8211; aut\u00f3p\u00e1lya matrica<\/p>\n<p><strong>B\u00e9rleti d\u00edj nem tartalmazza:<\/strong><br \/>&#8211; parkol\u00e1si d\u00edjakat<br \/>&#8211; k\u00f6zleked\u00e9si szab\u00e1lys\u00e9rt\u00e9sek \u00e9s parkol\u00e1si b\u00edrs\u00e1gok d\u00edjait<br \/>&#8211; \u00fczemanyag<\/p>\n<p>Aut\u00f3inkat teli tank \u00fczemanyaggal adjuk \u00e1t \u00e9s \u00fagy is k\u00e9rj\u00fck visszaadni.<\/p>\n<p>[\/et_pb_text][\/et_pb_column][et_pb_column type=&#8221;1_2&#8243; _builder_version=&#8221;4.20.4&#8243; _module_preset=&#8221;default&#8221; background_image=&#8221;https:\/\/pentaautoberles.hu\/wp-content\/uploads\/2023\/10\/BMW-M4-Mockup-01-min.png&#8221; background_position=&#8221;center_left&#8221; custom_padding_tablet=&#8221;&#8221; custom_padding_phone=&#8221;213px||||false|false&#8221; custom_padding_last_edited=&#8221;on|phone&#8221; scroll_horizontal_motion_enable=&#8221;on&#8221; scroll_horizontal_motion=&#8221;0|50|50|100|1|0|0&#8243; scroll_scaling_enable=&#8221;on&#8221; scroll_scaling=&#8221;0|50|50|100|100%|105%|110%&#8221; sticky_position_tablet=&#8221;&#8221; sticky_position_phone=&#8221;&#8221; sticky_position_last_edited=&#8221;on|phone&#8221; global_colors_info=&#8221;{}&#8221;][et_pb_text disabled_on=&#8221;off|on|on&#8221; _builder_version=&#8221;4.20.4&#8243; _module_preset=&#8221;default&#8221; min_height=&#8221;220px&#8221; global_colors_info=&#8221;{}&#8221;][\/et_pb_text][\/et_pb_column][\/et_pb_row][\/et_pb_section][et_pb_section fb_built=&#8221;1&#8243; admin_label=&#8221;section&#8221; module_id=&#8221;hogyanberelhetek&#8221; _builder_version=&#8221;4.20.4&#8243; background_color=&#8221;#FF6400&#8243; background_enable_mask_style=&#8221;on&#8221; background_mask_style=&#8221;caret&#8221; background_mask_transform=&#8221;flip_horizontal|flip_vertical&#8221; custom_margin=&#8221;0px||0px||false|false&#8221; custom_padding=&#8221;0px||0px||false|false&#8221; background_last_edited=&#8221;on|phone&#8221; background_mask_transform_phone=&#8221;flip_horizontal|rotate_90_degree&#8221; background_mask_size_phone=&#8221;cover&#8221; background_mask_position_phone=&#8221;top_right&#8221; global_colors_info=&#8221;{}&#8221;][et_pb_row column_structure=&#8221;1_2,1_2&#8243; use_custom_gutter=&#8221;on&#8221; gutter_width=&#8221;1&#8243; make_equal=&#8221;on&#8221; _builder_version=&#8221;4.22.2&#8243; _module_preset=&#8221;default&#8221; width=&#8221;100%&#8221; max_width=&#8221;2560px&#8221; scroll_horizontal_motion=&#8221;0|50|50|100|-1|0|0&#8243; scroll_scaling=&#8221;0|50|50|100|100%|105%|110%&#8221; global_colors_info=&#8221;{}&#8221;][et_pb_column type=&#8221;1_2&#8243; _builder_version=&#8221;4.22.2&#8243; _module_preset=&#8221;default&#8221; background_image=&#8221;https:\/\/pentaautoberles.hu\/wp-content\/uploads\/2023\/10\/iveco_dayli_o-min.png&#8221; background_position=&#8221;center_right&#8221; background_horizontal_offset=&#8221;-1%&#8221; custom_padding_tablet=&#8221;&#8221; custom_padding_phone=&#8221;282px||||false|false&#8221; custom_padding_last_edited=&#8221;on|phone&#8221; filter_saturate=&#8221;132%&#8221; filter_brightness=&#8221;102%&#8221; scroll_horizontal_motion_enable=&#8221;on&#8221; scroll_horizontal_motion=&#8221;0|50|50|100|-1|0|0&#8243; scroll_scaling_enable=&#8221;on&#8221; scroll_scaling=&#8221;0|50|50|100|100%|105%|110%&#8221; global_colors_info=&#8221;{}&#8221;][et_pb_text disabled_on=&#8221;off|on|on&#8221; _builder_version=&#8221;4.20.4&#8243; _module_preset=&#8221;default&#8221; min_height=&#8221;220px&#8221; global_colors_info=&#8221;{}&#8221;][\/et_pb_text][\/et_pb_column][et_pb_column type=&#8221;1_2&#8243; _builder_version=&#8221;4.20.4&#8243; _module_preset=&#8221;default&#8221; global_colors_info=&#8221;{}&#8221;][et_pb_text _builder_version=&#8221;4.22.2&#8243; _module_preset=&#8221;default&#8221; text_font_size=&#8221;18px&#8221; header_font=&#8221;Anek Latin|800|||||||&#8221; header_font_size=&#8221;4vw&#8221; header_line_height=&#8221;0.9em&#8221; custom_margin=&#8221;11vh||0px|136px|false|false&#8221; custom_margin_tablet=&#8221;11vh|148px|0px|148px|false|true&#8221; custom_margin_phone=&#8221;0vh|10px|0px|10px|false|true&#8221; custom_margin_last_edited=&#8221;on|phone&#8221; animation_style=&#8221;fade&#8221; header_font_size_tablet=&#8221;4vw&#8221; header_font_size_phone=&#8221;50px&#8221; header_font_size_last_edited=&#8221;on|phone&#8221; global_colors_info=&#8221;{}&#8221;]<\/p>\n<h1>Hogyan b\u00e9relhetek?<\/h1>\n<p>&nbsp;<\/p>\n<p><strong>B\u00e9rl\u00e9shez sz\u00fcks\u00e9ges dokumentumok:<\/strong><\/p>\n<p>Mag\u00e1nszem\u00e9ly eset\u00e9n:<br \/>-szem\u00e9lyi igazolv\u00e1ny vagy \u00fatlev\u00e9l<br \/>-lakc\u00edmk\u00e1rtya<br \/>-\u00e9rv\u00e9nyes jogos\u00edtv\u00e1ny<\/p>\n<p>C\u00e9g eset\u00e9n:<br \/>-c\u00e9g k\u00e9pvisel\u0151j\u00e9nek szem\u00e9lyes adatai<br \/>-friss c\u00e9gkivonat<br \/>-al\u00e1\u00edr\u00e1si c\u00edmp\u00e9ld\u00e1ny<br \/>-b\u00e9lyegz\u0151<\/p>\n<p><strong>Kaucio nincs!<\/strong><\/p>\n<p><strong><\/strong><\/p>\n<p>[\/et_pb_text][\/et_pb_column][\/et_pb_row][\/et_pb_section][et_pb_section fb_built=&#8221;1&#8243; module_id=&#8221;kapcsolat&#8221; _builder_version=&#8221;4.20.4&#8243; _module_preset=&#8221;default&#8221; background_color=&#8221;#000000&#8243; background_image=&#8221;https:\/\/pentaautoberles.hu\/wp-content\/uploads\/2023\/10\/bg.jpg&#8221; global_colors_info=&#8221;{}&#8221;][et_pb_row column_structure=&#8221;1_2,1_2&#8243; _builder_version=&#8221;4.20.4&#8243; _module_preset=&#8221;default&#8221; global_colors_info=&#8221;{}&#8221;][et_pb_column type=&#8221;1_2&#8243; _builder_version=&#8221;4.20.4&#8243; _module_preset=&#8221;default&#8221; global_colors_info=&#8221;{}&#8221;][et_pb_text _builder_version=&#8221;4.20.4&#8243; _module_preset=&#8221;default&#8221; text_text_color=&#8221;#FFFFFF&#8221; text_font_size=&#8221;18px&#8221; header_font=&#8221;Anek Latin|800|||||||&#8221; header_text_color=&#8221;#FF6400&#8243; header_font_size=&#8221;4vw&#8221; header_line_height=&#8221;0.9em&#8221; custom_margin=&#8221;9vh|0px|9vh|0px|true|true&#8221; custom_margin_tablet=&#8221;9vh|0px|9vh|0px|true|true&#8221; custom_margin_phone=&#8221;0vh|0px|0vh|0px|true|true&#8221; custom_margin_last_edited=&#8221;on|phone&#8221; animation_style=&#8221;fade&#8221; header_font_size_tablet=&#8221;4vw&#8221; header_font_size_phone=&#8221;50px&#8221; header_font_size_last_edited=&#8221;on|phone&#8221; global_colors_info=&#8221;{}&#8221;]<\/p>\n<h1>Kapcsolat<\/h1>\n<p>&nbsp;<\/p>\n<p>Kecskem\u00e9t, Mindszenti k\u00f6r\u00fat<br \/>+36 10 123 4567<br \/>autokolcsonzes@vacsikft.hu<\/p>\n<p>[\/et_pb_text][\/et_pb_column][et_pb_column type=&#8221;1_2&#8243; _builder_version=&#8221;4.20.4&#8243; _module_preset=&#8221;default&#8221; global_colors_info=&#8221;{}&#8221;][et_pb_image src=&#8221;https:\/\/pentaautoberles.hu\/wp-content\/uploads\/2023\/10\/penta.png&#8221; title_text=&#8221;penta&#8221; _builder_version=&#8221;4.22.2&#8243; _module_preset=&#8221;default&#8221; scroll_vertical_motion_enable=&#8221;on&#8221; scroll_vertical_motion=&#8221;0|50|50|100|-2|0|1&#8243; scroll_scaling_enable=&#8221;on&#8221; scroll_rotating_enable=&#8221;on&#8221; scroll_rotating=&#8221;0|50|50|100|20\u00b0|0|-20\u00b0&#8221; global_colors_info=&#8221;{}&#8221;][\/et_pb_image][\/et_pb_column][\/et_pb_row][\/et_pb_section][et_pb_section fb_built=&#8221;1&#8243; fullwidth=&#8221;on&#8221; _builder_version=&#8221;4.20.4&#8243; _module_preset=&#8221;default&#8221; custom_margin=&#8221;0px||-18px||false|false&#8221; custom_padding=&#8221;0px||0px||false|false&#8221; global_colors_info=&#8221;{}&#8221;][et_pb_fullwidth_code _builder_version=&#8221;4.20.4&#8243; _module_preset=&#8221;default&#8221; custom_margin=&#8221;0px||0px||false|false&#8221; custom_padding=&#8221;0px||0px||false|false&#8221; filter_saturate=&#8221;0%&#8221; filter_brightness=&#8221;75%&#8221; filter_contrast=&#8221;122%&#8221; global_colors_info=&#8221;{}&#8221;]<iframe src=\"https:\/\/www.google.com\/maps\/embed?pb=!1m18!1m12!1m3!1d2726.5813532915877!2d19.69947677644287!3d46.89128403709926!2m3!1f0!2f0!3f0!3m2!1i1024!2i768!4f13.1!3m3!1m2!1s0x4743da45785934d5%3A0xcac853695b47570f!2sKecskem%C3%A9t%2C%20Mindszenti%20krt.%2030%2C%206000!5e0!3m2!1shu!2shu!4v1696772519359!5m2!1shu!2shu\" width=\"100%\" height=\"450\" style=\"border:0;\" allowfullscreen=\"\" loading=\"lazy\" referrerpolicy=\"no-referrer-when-downgrade\"><\/iframe>[\/et_pb_fullwidth_code][\/et_pb_section]<\/p>\n","protected":false},"excerpt":{"rendered":"<p>Szem\u00e9lyg\u00e9pj\u00e1rm\u0171 vagy teheraut\u00f3, h\u0171t\u0151kocsib\u00e9rl\u00e9sen gondolkozik?\u00a0Akkor v\u00e1lassza a<div class=\"et_pb_module dipl_text_animator dipl_text_animator_0\">\n\t\t\t\t\n\t\t\t\t\n\t\t\t\t\n\t\t\t\t\n\t\t\t\t\n\t\t\t\t\n\t\t\t\t<div class=\"et_pb_module_inner\">\n\t\t\t\t\t<div class=\"animated_text_wrapper dipl-slide\">\n\t\t\t\t<h2>\n\t\t\t\t\n\t\t\t\t<span\n\t\t\t\t\t\t\t\t     class=\"animated_text dipl_main_part\" \n\t\t\t\t\t\t\t\t     data-wait-time=\"2000\"\n\t\t\t\t\t\t\t\t     data-animation-time=\"500\"\n\t\t\t\t\t\t\t\t     data-text=\"megb\u00edzhat\u00f3 | rugalmas | sokr\u00e9t\u0171\"\n\t\t\t\t\t\t\t\t     data-stop-animation-on-hover=\"off\"\n\t\t\t\t\t\t\t\t     >megb\u00edzhat\u00f3 <\/span>\n\t\t\t\t\n\t\t\t\t<\/h2>\n\t\t\t<\/div>\n\t\t\t\t<\/div>\n\t\t\t<\/div>aut\u00f3b\u00e9rl\u0151 szolg\u00e1ltat\u00e1st, a Vacsi Kft-t\u0151l!B\u00e9relhet\u0151 aut\u00f3inkAut\u00f3b\u00e9rl\u00e9s egyszer\u0171en! &nbsp; Ak\u00e1r r\u00f6vid-, ak\u00e1r hossz\u00fat\u00e1vra lenne sz\u00fcks\u00e9ged teher- vagy szem\u00e9lyg\u00e9pj\u00e1rm\u0171re, k\u00f6zelre vagy t\u00e1volra, seg\u00edt\u00fcnk neked! N\u00e1lunk [&hellip;]<\/p>\n","protected":false},"author":1,"featured_media":0,"parent":0,"menu_order":0,"comment_status":"closed","ping_status":"closed","template":"","meta":{"_et_pb_use_builder":"on","_et_pb_old_content":"","_et_gb_content_width":"","footnotes":""},"class_list":["post-223","page","type-page","status-publish","hentry"],"acf":[],"_links":{"self":[{"href":"https:\/\/pentaautoberles.hu\/index.php\/wp-json\/wp\/v2\/pages\/223","targetHints":{"allow":["GET"]}}],"collection":[{"href":"https:\/\/pentaautoberles.hu\/index.php\/wp-json\/wp\/v2\/pages"}],"about":[{"href":"https:\/\/pentaautoberles.hu\/index.php\/wp-json\/wp\/v2\/types\/page"}],"author":[{"embeddable":true,"href":"https:\/\/pentaautoberles.hu\/index.php\/wp-json\/wp\/v2\/users\/1"}],"replies":[{"embeddable":true,"href":"https:\/\/pentaautoberles.hu\/index.php\/wp-json\/wp\/v2\/comments?post=223"}],"version-history":[{"count":6,"href":"https:\/\/pentaautoberles.hu\/index.php\/wp-json\/wp\/v2\/pages\/223\/revisions"}],"predecessor-version":[{"id":475,"href":"https:\/\/pentaautoberles.hu\/index.php\/wp-json\/wp\/v2\/pages\/223\/revisions\/475"}],"wp:attachment":[{"href":"https:\/\/pentaautoberles.hu\/index.php\/wp-json\/wp\/v2\/media?parent=223"}],"curies":[{"name":"wp","href":"https:\/\/api.w.org\/{rel}","templated":true}]}}